s the greatest common factor of 13 and c?
13
Let r(z) = 409*z - 1. Let b be r(-1). Let s be b/(-35) - (-2)/7. Calculate the greatest common factor of 4 and s.
4
Suppose 89*k - 2068 = 24988. Calculate the highest common factor of 190 and k.
38
Let d = 848 - -2322. Calculate the highest common divisor of 10 and d.
10
Suppose -14 + 10 = -n. Suppose -3*u + 12 = -y - 21, -4*y - 12 = 0. What is the highest common divisor of u and n?
2
Suppose 0 = 4*a - 16, 0*d + 2*d + 2*a = 206. Calculate the greatest common factor of d and 55.
11
Suppose -5*d + 3*d = 0. Suppose d = 5*v - 4*h - 109, 4*h = -4*v - 1 + 81. Let l be (-1)/(4/42)*-10. What is the highest common divisor of v and l?
21
Suppose -360 = -524*w + 516*w. What is the highest common divisor of w and 27?
9
Let v be 11/(33/(-27)) + 201. Let l = 56 + -40. What is the greatest common factor of v and l?
16
Let h(p) = 2*p**2 - p + 3. Let i be h(8). Suppose 3*q = i + 21. Suppose -1 + 17 = 2*j + v, 3*j - 5*v + 2 = 0. Calculate the greatest common factor of q and j.
6
Let v = -12 - -14. Suppose -v*b + 72 = -0. What is the greatest common factor of b and 24?
12
Suppose -3*s + 399 = -5*j + 9*j, 0 = -s - 3. Calculate the greatest common divisor of j and 6.
6
Let p(u) = -2*u**3 - 3*u**2 + 8*u - 7. Let b be p(2). Let m(i) = -i**2 - 31*i - 24. Let c be m(b). Calculate the greatest common factor of c and 17.
17
Let r be 2/(-10) - (-326)/5. Suppose -3*k = -5 + 5. Suppose k*c - 8*c = -104. What is the greatest common factor of c and r?
13
Suppose -23*u - 11 = -24*u + 2*m, -20 = -4*m. Let x be 7 + -1 + (2 - 1). Let f(y) = y**2 + 5*y. Let d be f(x). Calculate the greatest common factor of u and d.
21
Let a(p) = 10 - 3*p + 2*p**2 + 5 + 16*p. Let f be a(-10). Suppose 5 - f = -k. What is the greatest common divisor of 16 and k?
16
Suppose -2*s - 3 = 1. Let x be (-24)/(-1)*(-1)/s. Suppose -7*r - 4*o = -r - 480, 0 = 3*r - 5*o - 282. Calculate the highest common divisor of r and x.
12
Suppose 0 = 9*i - 7*i + 396. Let j = 383 + i. Calculate the greatest common divisor of 74 and j.
37
Suppose 42*v = 27*v + 600. What is the greatest common divisor of v and 740?
20
Let r be (56/21)/((-2)/(-81)). What is the greatest common divisor of 4 and r?
4
Suppose 0 = 2*t + 2*t + 5*h - 21, 0 = -5*t + 2*h + 51. Suppose x = 3*x - 18. Suppose n + 6 = x. Calculate the highest common factor of n and t.
3
Let x = -146 - -170. What is the highest common divisor of x and 36?
12
Suppose 4*l = c - 75, 8*c + 4*l = 3*c + 255. Let z = -2 + 7. Calculate the greatest common factor of z and c.
5
Let f be (1 - 0)/((-2)/(-6)). Suppose -2*w - f*w + 140 = 0. Let t = -141 - -225. What is the highest common factor of w and t?
28
Suppose 25*g + g - 18096 = 0. What is the highest common divisor of 87 and g?
87
Let w be (-264)/20*(9 + -19). What is the highest common factor of w and 16?
4
Let b = 110 + -99. Calculate the greatest common divisor of b and 66.
11
Let f be (26/(-8))/(1/(-4)). Let v(r) = -8*r + 6. Let y be v(-1). Suppose -15*u + y*u = -143. What is the highest common divisor of u and f?
13
Suppose 4*v + 2*o - 112 = -0*o, -2*o - 50 = -2*v. What is the highest common factor of v and 36?
9
Let u(v) = -v**3 - v**2 + 6*v - 13. Let g be u(-9). Let m = -343 + g. Calculate the highest common factor of m and 14.
14
Let n be (-1854)/(-117) - (-6)/39. Suppose 10 = -5*r, -2*c - r + n = r. What is the highest common factor of 80 and c?
10
Let l be (102/(-9))/((-4)/186). Calculate the greatest common factor of l and 62.
31
Let p(n) = n + 8. Let s be p(-6). Suppose -i + 59 = 5*w, -s*w - 2*i = -i - 26. Suppose 4*r - 21 = w. Calculate the highest common divisor of 72 and r.
8
Let v = 1 - -19. Suppose -5*h = 5*m - 1105, 0*m + 3*m = 5*h + 687. Suppose m = 4*x - 176. What is the greatest common factor of v and x?
20
Let a(s) = -4*s + 126. Let h(b) = b**3 - b**2 - b - 2. Let p be h(2). Let i be a(p). Calculate the highest common factor of i and 14.
14
Let z(u) = -18*u + 42. Let f be z(-4). Calculate the highest common divisor of f and 76.
38
Let q(s) = 9*s + 6. Let g be q(4). Let t = -9 + g. What is the highest common divisor of 3 and t?
3
Suppose 2*x = 2*n + 151 - 377, -4*n + 454 = -2*x. What is the highest common factor of 57 and n?
57
Let b(z) = z**3 + 4*z**2 + 2. Let j be b(-4). Let l be 208/39 + 4/6. Suppose -l = -2*u - j. What is the highest common divisor of 8 and u?
2
Let t = -33 - -71. Suppose -85 = -4*n - p - 16, 2*p + t = 3*n. What is the highest common divisor of n and 4?
4
Let w(c) = 2*c**2 + 2*c - 2. Let v be w(1). Suppose 0 = 4*x - t - 614, -v*x - 2*t = 2*t - 298. What is the highest common factor of 102 and x?
51
Suppose 0 = -n - 3*x + 245, -2*n + 434 + 41 = 3*x. Let i be (2*(3 - 4))/(-2). Let m = 24 - i. Calculate the greatest common divisor of m and n.
23
Suppose -68*h + 62*h = -330. What is the highest common divisor of h and 11?
11
Let y = -18 - -242. What is the greatest common factor of 7 and y?
7
Let y = 65 + -75. Let t(c) = -c**3 - 10*c**2 - 2*c - 12. Let u be t(y). Let s be ((-1)/1 - 1)/(-2). What is the highest common factor of s and u?
1
Suppose 6*m = 3*m + 42. Suppose m*d - 9*d = 0. Suppose -2*h + 11 - 1 = d. Calculate the highest common divisor of h and 55.
5
Suppose 4*u - 3*v + 12 = 1, -3*v + 13 = -2*u. Calculate the greatest common divisor of 4 and u.
1
Let y(g) = 4*g**2 - g - 87. Let w be y(-6). What is the greatest common factor of w and 2331?
63
Let y = 623 - 610. What is the highest common factor of y and 351?
13
Let z = 52 - 40. Suppose 5*i = 73 + z. What is the greatest common divisor of 68 and i?
17
Let l be (-46)/12 - (-1)/(-6). Let y(n) = 2*n + n**3 - 7 - 2*n**2 + 1 + 7*n**2 + 10. Let j be y(l). Calculate the greatest common factor of 12 and j.
12
Suppose 0 = -3*w - 34 + 94. Let i = -1914 - -2134. What is the greatest common divisor of i and w?
20
Let m(w) = 49*w**2 - 2*w - 1. Let c be m(-1). Let r = -39 + 46. Suppose 0 = -3*j + 53 + r. Calculate the highest common divisor of c and j.
10
Let k = 95 + 13. Let r = -384 + 438. Calculate the highest common divisor of r and k.
54
Let r = 243 - 223. Suppose -3*q + 175 = -3*y - 2*y, 2*y - 190 = -4*q. Calculate the highest common factor of q and r.
10
Let x(z) = z**3 + 5*z**2 - 9*z - 13. Let u be x(-6). Suppose 6*p - 43 - u = 0. Let n = 12 + 12. Calculate the greatest common divisor of n and p.
8
Let h(y) = y**2 - 5*y + 12. Let z(k) = -k**2 - 6*k - 3. Let o be z(-2). Let c be h(o). Calculate the greatest common divisor of 60 and c.
12
Let l = -831 - -833. Let r(c) = -4*c. Let x be r(-1). Calculate the greatest common factor of l and x.
2
Suppose -26 = 2*b - 0*b. Let v(t) = 2*t**2 + 3*t + 13. Let k be v(b). What is the greatest common factor of k and 39?
39
Let l be (18 + -36)/((-9)/30). Calculate the greatest common divisor of 12 and l.
12
Let m = 111 + 50. Suppose 0 = -w - 2 + 6. Suppose -17 + m = w*j. What is the greatest common divisor of 54 and j?
18
Let l be 352/(-33)*-3*6. Calculate the highest common factor of 12 and l.
12
Suppose -n - 4*p - 69 = -4*n, 72 = 3*n - 3*p. Calculate the greatest common factor of n and 513.
27
Suppose 6*g - 7 = 23. Suppose g*j = 680 - 105. What is the greatest common divisor of j and 23?
23
Let g be (-39)/(-26) + 45/2. Calculate the greatest common factor of 40 and g.
8
Let o(f) = -f**3 - 12*f**2 - 14*f - 9. Let z be o(-11). What is the highest common factor of 324 and z?
12
Let a be (1 - 1 - 2) + -20. Let q be (-366)/(-4) - (-11)/a. Suppose -13 = 8*r - 9*r. Calculate the highest common divisor of r and q.
13
Let i(j) = 11*j + 35. Let q be i(5). What is the greatest common divisor of q and 10?
10
Suppose -4 = v - 0. Let u = v - -13. Calculate the highest common factor of 6 and u.
3
Let r be ((-8)/(-14))/((-20)/(-14))*45. Let q = -88 + 133. Calculate the greatest common factor of r and q.
9
Suppose -9*x + 499 - 148 = 0. Let z(c) = -2*c + 1. Let q be z(-6). What is the highest common factor of q and x?
13
Let h = -83 - -113. Calculate the greatest common factor of h and 10.
10
Let k be 5 + ((-1077)/(-3) - (-11 - -5)). Calculate the greatest common factor of k and 20.
10
Let g be (-8)/10*(-175)/10. What is the highest common divisor of 322 and g?
14
Let q(c) = -c**3 - 10*c**2 + 15*c - 37. Let n be q(-12). What is the greatest common factor of 71 and n?
7